at is the units digit of 125059?
9
What is the hundreds digit of 11220?
2
What is the tens digit of 95628?
2
What is the tens digit of 12425?
2
What is the units digit of 700?
0
What is the units digit of 10773?
3
What is the ten thousands digit of 171949?
7
What is the tens digit of 868?
6
What is the ten thousands digit of 11644?
1
What is the units digit of 20412?
2
What is the tens digit of 36928?
2
What is the hundreds digit of 4177?
1
What is the units digit of 43663?
3
What is the units digit of 16965?
5
What is the ten thousands digit of 13579?
1
What is the thousands digit of 1284?
1
What is the units digit of 899?
9
What is the tens digit of 1219?
1
What is the tens digit of 3691?
9
What is the units digit of 29301?
1
What is the tens digit of 3881?
8
What is the units digit of 1557?
7
What is the units digit of 200?
0
What is the ten thousands digit of 13330?
1
What is the tens digit of 547?
4
What is the hundreds digit of 31591?
5
What is the thousands digit of 2623?
2
What is the units digit of 933?
3
What is the units digit of 498?
8
What is the units digit of 5420?
0
What is the tens digit of 5269?
6
What is the units digit of 179?
9
What is the hundreds digit of 7427?
4
What is the tens digit of 2152?
5
What is the units digit of 13654?
4
What is the ten thousands digit of 11424?
1
What is the hundreds digit of 8811?
8
What is the thousands digit of 8837?
8
What is the hundreds digit of 227?
2
What is the hundreds digit of 1016?
0
What is the units digit of 1745?
5
What is the hundreds digit of 463?
4
What is the tens digit of 3836?
3
What is the tens digit of 84246?
4
What is the hundreds digit of 1398?
3
What is the hundreds digit of 2528?
5
What is the ten thousands digit of 78314?
7
What is the ten thousands digit of 26495?
2
What is the thousands digit of 7280?
7
What is the units digit of 535?
5
What is the tens digit of 152?
5
What is the units digit of 74340?
0
What is the thousands digit of 52401?
2
What is the units digit of 23304?
4
What is the units digit of 5691?
1
What is the hundreds digit of 839?
8
What is the hundreds digit of 10669?
6
What is the hundreds digit of 966?
9
What is the units digit of 271?
1
What is the thousands digit of 12785?
2
What is the units digit of 2225?
5
What is the units digit of 975?
5
What is the units digit of 76902?
2
What is the tens digit of 7310?
1
What is the tens digit of 11420?
2
What is the units digit of 6253?
3
What is the tens digit of 670?
7
What is the ten thousands digit of 38862?
3
What is the thousands digit of 3991?
3
What is the tens digit of 1789?
8
What is the tens digit of 135?
3
What is the hundred thousands digit of 162113?
1
What is the thousands digit of 44315?
4
What is the ten thousands digit of 86856?
8
What is the thousands digit of 19789?
9
What is the hundreds digit of 4260?
2
What is the hundreds digit of 171073?
0
What is the units digit of 3228?
8
What is the thousands digit of 3654?
3
What is the hundreds digit of 4482?
4
What is the thousands digit of 1150?
1
What is the tens digit of 35908?
0
What is the thousands digit of 3926?
3
What is the thousands digit of 2345?
2
What is the units digit of 3911?
1
What is the units digit of 865?
5
What is the tens digit of 9855?
5
What is the units digit of 144536?
6
What is the hundreds digit of 1172?
1
What is the thousands digit of 2010?
2
What is the units digit of 996?
6
What is the ten thousands digit of 73318?
7
What is the hundreds digit of 2692?
6
What is the hundreds digit of 466?
4
What is the hundreds digit of 685?
6
What is the tens digit of 145509?
0
What is the units digit of 1241?
1
What is the hundreds digit of 1433?
4
What is the units digit of 1101?
1
What is the thousands digit of 140264?
0
What is the units digit of 55230?
0
What is the tens digit of 7522?
2
What is the thousands digit of 5806?
5
What is the units digit of 4326?
6
What is the tens digit of 61?
6
What is the thousands digit of 144946?
4
What is the tens digit of 980?
8
What is the tens digit of 1492?
9
What is the thousands digit of 8972?
8
What is the thousands digit of 10327?
0
What is the hundreds digit of 577?
5
What is the units digit of 7498?
8
What is the hundreds digit of 1430?
4
What is the hundreds digit of 5798?
7
What is the hundreds digit of 44603?
6
What is the units digit of 66443?
3
What is the hundreds digit of 1498?
4
What is the units digit of 531?
1
What is the units digit of 6332?
2
What is the thousands digit of 20228?
0
What is the tens digit of 714?
1
What is the hundreds digit of 518?
5
What is the units digit of 1589?
9
What is the units digit of 77?
7
What is the tens digit of 161?
6
What is the hundreds digit of 1335?
3
What is the hundreds digit of 1715?
7
What is the tens digit of 166337?
3
What is the units digit of 4884?
4
What is the units digit of 3164?
4
What is the hundreds digit of 24878?
8
What is the thousands digit of 1479?
1
What is the tens digit of 2162?
6
What is the hundreds digit of 10599?
5
What is the units digit of 18743?
3
What is the tens digit of 18959?
5
What is the tens digit of 1833?
3
What is the units digit of 31703?
3
What is the thousands digit of 33844?
3
What is the thousands digit of 3350?
3
What is the tens digit of 9735?
3
What is the hundreds digit of 179?
1
What is the tens digit of 993?
9
What is the ten thousands digit of 17332?
1
What is the hundreds digit of 48756?
7
What is the tens digit of 132?
3
What is the units digit of 4904?
4
What is the units digit of 9467?
7
What is the units digit of 6716?
6
What is the tens digit of 102?
0
What is the units digit of 7432?
2
What is the tens digit of 2572?
7
What is the tens digit of 37858?
5
What is the hundreds digit of 2076?
0
What is the hundreds digit of 396?
3
What is the hundreds digit of 237?
2
What is the thousands digit of 2035?
2
What is the ten thousands digit of 14305?
1
What is the units digit of 78205?
5
What is the hundreds digit of 3785?
7
What is the tens digit of 2026?
2
What is the units digit of 289?
9
What is the thousands digit of 1558?
1
What is the thousands digit of 1696?
1
What is the tens digit of 8974?
7
What is the units digit of 34626?
6
What is the units digit of 206?
6
What is the thousands digit of 34044?
4
What is the hundreds digit of 7351?
3
What is the units digit of 2815?
5
What is the tens digit of 9937?
3
What is the tens digit of 906?
0
What is the hundreds digit of 39172?
1
What is the hundreds digit of 5426?
4
What is the thousands digit of 12601?
2
What is the tens digit of 1068?
6
What is the hundreds digit of 11291?
2
What is the hundreds digit of 660?
6
What is the thousands digit of 1032?
1
What is the tens digit of 2657?
5
What is the hundreds digit of 2914?
9
What is the hundreds digit of 7338?
3
What is the tens digit of 15342?
4
What is the thousands digit of 32517?
2
What is the hundreds digit of 1968?
9
What is the tens digit of 415?
1
What is the tens digit of 4944?
4
What is the tens digit of 25011?
1
What is the units digit of 957?
7
What is the hundreds digit of 168?
1
What is the tens digit of 15732?
3
What is the thousands digit of 37696?
7
What is the thousands digit of 15072?
5
What is the thousands digit of 88273?
8
What is the tens digit of 331?
3
What is the units digit of 47308?
8
What is the thousands digit of 12873?
2
What is the thousands digit of 9561?
9
What is the hundreds digit of 120?
1
What is the hundreds digit of 2284?
2
What is the hundreds digit of 977?
9
What is the hundreds digit of 8094?
0
What is the units digit of 1342?
2
What is the thousands digit of 2549?
2
What is the units digit of 845?
5
What is the thousands digit of 1312?
1
What is the thousands digit of 9379?
9
What is the thousands digit of 86814?
6
What is the tens digit of 3066?
6
What is the hundreds digit of 2869?
8
What is the tens digit of 14755?
5
What is the tens digit of 663?
6
What is the tens digit of 51007?
0
What is the hundred thousands digit of 104923?
1
What is the tens digit of 20356?
5
What is the tens digit of 626?
2
What is the thousands digit of 1530?
1
What is the thousands digit of 8053?
8
What is the units digit of 1016?
6
What is the hundreds digit of 744?
7
What is the ten thousands digit of 10173?
1
What is the units digit of 2351?
1